{"id":60,"date":"2014-02-14T05:45:08","date_gmt":"2014-02-14T04:45:08","guid":{"rendered":"http:\/\/danielortiz.esy.es\/coomonte\/?page_id=60"},"modified":"2014-02-14T05:45:08","modified_gmt":"2014-02-14T04:45:08","slug":"historia","status":"publish","type":"page","link":"https:\/\/coomonte.net\/index.php\/historia\/","title":{"rendered":"Historia"},"content":{"rendered":"<p style=\"text-align: justify;\">Recopilaci\u00f3n hecha en 2005 para un antiguo sitio web.<\/p>\n<p style=\"text-align: justify;\">Reescribiremos esta historia con m\u00e1s datos y detalles en pr\u00f3ximas fechas.<\/p>\n<hr \/>\n<p class=\"auto-style4\" style=\"text-align: justify;\"><strong>HISTORIA DE COOMONTE<\/strong><\/p>\n<p style=\"text-align: justify;\"><strong><span class=\"auto-style4\">Prehistoria<\/span><\/strong><br class=\"auto-style4\" \/> <span class=\"auto-style4\">Desde hace m\u00e1s de cinco mil a\u00f1os est\u00e1 registrada presencia humana en estas comarcas, ello lo demuestran los monumentos megal\u00edticos de Morales de Rey (7 Km. de Coomonte) o de Arrabalde (8 Km. de Coomonte), sendos d\u00f3lmenes neol\u00edticos.<\/span><\/p>\n<p style=\"text-align: justify;\"><span class=\"auto-style4\">Del primer milenio antes de cristo tambi\u00e9n hay restos de asentamientos celtas, concretamente los astures, con un poblado en Manganeses de la Polvorosa (12 Km. de Coomonte)\u00a0 y un castro de la edad del hierro en Arrabalde.<\/span><\/p>\n<p style=\"text-align: justify;\"><span class=\"auto-style3\">Edad Antigua<\/span><br class=\"auto-style4\" \/> <span class=\"auto-style4\">En la sierra de Carpurias, en el castro de\u00a0 Arrabalde se debieron de refugiar todos los pobladores de esta zona a la llegada de los romanos con el asentamiento de el Ala II Flavia en el siglo I antes de Cristo en el cercano Valle de Vidriales, cerca de Santib\u00e1\u00f1ez (20 Km. de Coomonte), y m\u00e1s tarde la Legio X y un poblado llamado Petavonium a su alrededor.<\/span><\/p>\n<p style=\"text-align: justify;\"><span class=\"auto-style4\">Tambi\u00e9n de la \u00e9poca romana hay presencia en Quintana del Marco (10 Km. de Coomonte), con una villa que era llamada \u00abQuintilla de Marco Aurelio\u00bb.<\/span><\/p>\n<p style=\"text-align: justify;\"><span class=\"auto-style4\">Se dice que pudo existir en t\u00e9rmino de Coomonte un asentamiento romano, concretamente una villa, pero por el momento, s\u00f3lo son especulaciones.<\/span><\/p>\n<p style=\"text-align: justify;\"><span class=\"auto-style4\">Lo que si es seguro es que muy cerca de Coomonte, al lado de la actual playa fluvial de La Vizana existe un puente de origen romano y restaurado en \u00e9pocas posteriores. Sobre el mencionado puente pasaba la que quiz\u00e1 sea la carretera m\u00e1s representativa de la Hispania en \u00e9poca de Augusto, la V\u00eda de la Plata, Asturica-Emerita (Astorga-M\u00e9rida) y que se internaba quiz\u00e1 un poco en el actual t\u00e9rmino de Coomonte, en la margen este del r\u00edo, pero esta informaci\u00f3n no est\u00e1 contrastada.<\/span><\/p>\n<p style=\"text-align: justify;\"><span class=\"auto-style3\">Edad Media<\/span><br class=\"auto-style4\" \/> <span class=\"auto-style4\">Ya entrada la edad media, seg\u00fan nos cuenta Ursino Villar en su libro Alija del Infantado, se encuentran las primeras referencias escritas a Coomonte y a su iglesia de San Juan.<\/span><\/p>\n<p style=\"text-align: justify;\"><span class=\"auto-style4\">En \u00e9poca alto medieval podemos ver en estas tierras, a cinco kil\u00f3metros al sur de Coomonte una sangrienta batalla entre musulmanes y cristianos que ti\u00f1\u00f3 de rojo las aguas del \u00d3rbigo, decant\u00e1ndose la victoria del lado cristiano.<\/span><\/p>\n<p style=\"text-align: justify;\"><span class=\"auto-style4\">Desde tiempos muy ancestrales Coomonte perteneci\u00f3 ya a la tierra de Alija; Alija, ese m\u00e1gico pueblo vecino a dos kil\u00f3metros de Coomonte con dos grandes iglesias, una de ellas monumento nacional, un castillo, dos ermitas y varios monumentos.<\/span><\/p>\n<p style=\"text-align: justify;\"><span class=\"auto-style4\">Toda esta tierra guard\u00f3 mucha relaci\u00f3n con el poderoso, por aquella \u00e9poca, monasterio de Santa Mar\u00eda de Nogales, en el pueblo de San Esteban de Nogales, cuyas ruinas a\u00fan se conservan.<\/span><\/p>\n<p style=\"text-align: justify;\"><span class=\"auto-style3\">Edad Moderna<\/span><br class=\"auto-style4\" \/> <span class=\"auto-style4\">A principios de la edad moderna, seg\u00fan he podido leer en el libro del se\u00f1or Ursino Villar, se encuentra documentado por primera vez el famoso Concejo de Coomonte.<\/span><\/p>\n<p style=\"text-align: justify;\"><span class=\"auto-style4\">El marqu\u00e9s de T\u00e1bara tiene tambi\u00e9n bastante poder sobre esta zona, el se\u00f1or de Alija&#8230; En esta \u00e9poca a\u00fan Ribarroya, que era un peque\u00f1o pueblo entre Villaferrue\u00f1a y Coomonte, podr\u00eda ser que estuviera habitado, tambi\u00e9n los actuales despoblados de B\u00e9cares y Ozaniego, todos ellos, excepto Villaferrue\u00f1a, pertenecientes a la tierra de Alija.<\/span><\/p>\n<p style=\"text-align: justify;\"><span class=\"auto-style4\">Documentada est\u00e1 la existencia de bodegas en Coomonte, alrededor del A\u00f1o 1750, a parte de un molino, varias tierras de regad\u00edo y muchas de secano, seg\u00fan ha podido encontrar el cronista de Alija, Ursino Villar Hidalgo.<\/span><\/p>\n<p style=\"text-align: justify;\"><span class=\"auto-style1\"> <span class=\"auto-style5\" style=\"font-weight: bold;\"> Edad Contempor\u00e1nea<\/span><\/span><span class=\"auto-style1\" style=\"font-weight: bold; font-size: 9pt;\"><br class=\"auto-style5\" \/> <\/span><span class=\"auto-style4\">Espa\u00f1a entra ya en la edad contempor\u00e1nea, se han levantado los alcaldes de M\u00f3stoles, comienza la guerra de independencia contra los invasores franceses del emperador Napole\u00f3n.<\/span><\/p>\n<p style=\"text-align: justify;\"><span class=\"auto-style4\">El mismo Napole\u00f3n pasar\u00eda por el puente de La Vizana, el uno de enero de 1809, el cu\u00e1l hab\u00eda sido deteriorado por los brit\u00e1nicos d\u00edas antes para dificultar a los franceses el cruce del r\u00edo.<\/span><\/p>\n<p style=\"text-align: justify;\"><span class=\"auto-style4\">Se cuenta que los franceses robaron la imagen de San Marcos de la ermita sita en las labradas, en Arrabalde y llev\u00e1ndola en carro, la arrojaron al \u00d3rbigo, r\u00edo que por entonces pasaba por el actual arroyo llamado \u00abEl Pozo\u00bb y a orillas del mismo fue rescatada la estatua por los coomonteses y erigieron all\u00ed mismo una ermita en su honor. Pero esto simplemente es la leyenda y no se sabe con certeza si aconteci\u00f3 en esta \u00e9poca. El caso es que la imagen de San Marcos y la ermita existen actualmente.<\/span><\/p>\n<p style=\"text-align: justify;\"><span class=\"auto-style1\"> <span class=\"auto-style5\">Las tropas napole\u00f3nicas, seg\u00fan cuentan a\u00fan nuestros mayores, entraron en Coomonte, quemaron parte de la iglesia y es posible que alguna divisi\u00f3n de infanter\u00eda pernoctara en el pueblo. Como en todo pueblo por el que pasaron las tropas francesas, nos queda un nombre de origen franc\u00e9s para una calle, La R\u00faa, del franc\u00e9s\u00a0<\/span><span class=\"auto-style7\">rue\u00a0<\/span><span class=\"auto-style5\">que significa precisamente calle. Lo cierto es que a\u00fan se tienen recuerdos muy poco gratos a cerca de\u00a0<\/span><span class=\"auto-style7\">la francesada<\/span><span class=\"auto-style5\">.<\/span><\/span><\/p>\n<p style=\"text-align: justify;\"><span class=\"auto-style4\">A partir de 1820 se produce un baile desconocido hasta el momento en la l\u00ednea de divisi\u00f3n provincial, Coomonte es adscrito, junto al resto de la tierra de Alija, a la provincia de Le\u00f3n, m\u00e1s tarde de nuevo es adscrito a Zamora, esta vez quedando Alija en la provincia leonesa. Este movimiento de fronteras iba a acabar con Coomonte en la provincia de Zamora en el a\u00f1o 1833 (seg\u00fan narra Ursino Villar en sus investigaciones para el libro Alija del Infantado), y m\u00e1s tarde, concretamente se cree que en 1838, como muy tarde, se formar\u00eda el ayuntamiento y municipio de Coomonte, que por entonces a\u00fan era conocido s\u00f3lo con una o en lugar de con la doble o, es decir se conoc\u00eda como Comonte.<\/span><\/p>\n<p style=\"text-align: justify;\"><span class=\"auto-style1\"> <span class=\"auto-style6\">Siglo XX<\/span><br class=\"auto-style5\" \/> <\/span><span class=\"auto-style4\">Durante el siglo XX en Coomonte se van a vivir las mismas experiencias que en la mayor\u00eda del territorio espa\u00f1ol, las llamadas dos Espa\u00f1as tambi\u00e9n se hicieron patentes en nuestra tierra, sobre todo en tiempos de la rep\u00fablica.<\/span><\/p>\n<p style=\"text-align: justify;\"><span class=\"auto-style4\">Est\u00e1 documentado que en la d\u00e9cada de los a\u00f1os veinte se produjo entre el ayuntamiento de Coomonte y el recientemente renombrado y formado de Santa Mar\u00eda de la Vega (Antiguas Verdenosa y Redelga) un reconocimiento de marras del t\u00e9rmino municipal.<\/span><\/p>\n<p style=\"text-align: justify;\"><span class=\"auto-style4\">Se construy\u00f3 tambi\u00e9n en la primera mitad del s. XX un puente de hormig\u00f3n que une Coomonte con Maire de Castroponce, pasando por encima del r\u00edo \u00d3rbigo.<\/span><\/p>\n<p style=\"text-align: justify;\"><span class=\"auto-style4\">Y lleg\u00f3 la guerra civil, y una constante en toda Espa\u00f1a, la represi\u00f3n por parte de ambos bandos fue brutal, incluso aqu\u00ed, que no lleg\u00f3 a haber ning\u00fan frente de guerra, al estar encuadrado en zona de los rebeldes contra la rep\u00fablica. A\u00fan as\u00ed en Coomonte hubo republicanos y muchos tuvieron que callar para evitar ser fusilados.<\/span><\/p>\n<p style=\"text-align: justify;\"><span class=\"auto-style4\">Entrando ya en la \u00e9poca de posguerra, en un pa\u00eds empobrecido, donde en las ciudades se pasaba autentica hambre, muchos de los que hab\u00edan ido fuera a estudiar hubieron de regresar a sus pueblos, como hicieron muchos coomonteses, ya que aqu\u00ed habr\u00eda pobreza, pero el campo y el ganado consegu\u00edan sostener al menos la alimentaci\u00f3n b\u00e1sica.<\/span><\/p>\n<p style=\"text-align: justify;\"><span class=\"auto-style4\">Con los a\u00f1os la econom\u00eda nacional y local empez\u00f3 a mejorar. Durante toda la \u00e9poca franquista hubo una figura t\u00edpica en el pueblo, una figura representativa, la de Don Santos, el cura de la localidad, que era natural de Genestacio ( a 7 Km. de Coomonte). Era una persona respetada y temida y al mismo tiempo querida por la gente. A finales del franquismo Don Santos se jubil\u00f3, cuando muri\u00f3 el pueblo entero, se dice que incluso vino un autob\u00fas, se volc\u00f3 para ir a su entierro.<\/span><\/p>\n<p style=\"text-align: justify;\"><span class=\"auto-style4\">Y lleg\u00f3 en los \u00faltimos a\u00f1os del franquismo el genial alcalde Mag\u00edn Rebordinos, que trajo un nuevo alumbrado p\u00fablico que sustituy\u00f3 al ya muy atrasado de principios de siglo.<\/span><\/p>\n<p style=\"text-align: justify;\"><span class=\"auto-style4\">Lleg\u00f3 en los a\u00f1os 60 un nuevo maestro al pueblo, Don Fernando Villar, que no se ir\u00eda hasta su jubilaci\u00f3n.<\/span><\/p>\n<p style=\"text-align: justify;\"><span class=\"auto-style4\">Entrando ya en \u00e9poca democr\u00e1tica, la Uni\u00f3n del Centro Democr\u00e1tico se alza con la victoria en las elecciones de 1979, situ\u00e1ndose como alcalde Jos\u00e9 Mor\u00e1n, que m\u00e1s tarde dimitir\u00eda, dejando paso a Manuel Ortiz. En esta \u00e9poca se construye el campo de f\u00fatbol de El Sequedal, en un extremo de las eras. En 1983 Alianza Popular (PP) se hace con la alcald\u00eda al ganar las elecciones frente al PSOE, lo que dej\u00f3 paso a que Andr\u00e9s Pe\u00f1\u00edn ocupara la alcald\u00eda. Se construy\u00f3 el polideportivo \u00abEl Futbito\u00bb. En 1987 gana de nuevo las elecciones Alianza Popular, esta vez encabezando la lista Mag\u00edn Rebordinos, que volver\u00eda a ser alcalde, fue una \u00e9poca de prosperidad para el pueblo. Exist\u00eda una f\u00e1brica de gaseosas, un almac\u00e9n de patatas, una carnicer\u00eda, una carpinter\u00eda, dos tiendas de ultramarinos, una funeraria, dos bares, una pasteler\u00eda, dos empresas dedicadas a la construcci\u00f3n&#8230; etc.<\/span><\/p>\n<p style=\"text-align: justify;\"><span class=\"auto-style4\">En 1991 el Partido Popular, se vuelve a hacer con la victoria en unas elecciones, sin ninguna otra candidatura que se presentara. Esta vez encabezaba la lista Mateo Jos\u00e9 Otero. Repetir\u00eda victoria en 1995 tambi\u00e9n sin candidatura que pudiera hacerle frente.<\/span><\/p>\n<p style=\"text-align: justify;\"><span class=\"auto-style4\">En el a\u00f1o 1994 se jubila el maestro del pueblo, Don Fernando, 32 a\u00f1os y dos generaciones de alumnos coomonteses le hacen ganarse un homenaje en el balc\u00f3n del ayuntamiento. Recibe, ante la mirada y los aplausos de los coomonteses, una placa conmemorativa de manos del alcalde de la localidad.<\/span><\/p>\n<p style=\"text-align: justify;\"><span class=\"auto-style4\">En 1998 se termina la construcci\u00f3n de la Casa de Cultura, que adem\u00e1s de contar con un espectacular sal\u00f3n de actos, va a albergar una cooperativa textil que dar\u00e1 trabajo a varias mujeres de la localidad.<\/span><\/p>\n<p style=\"text-align: justify;\"><span class=\"auto-style4\">\u00a0<\/span><\/p>\n<p style=\"text-align: justify;\"><span class=\"auto-style4\" style=\"font-weight: bold; font-size: 9pt;\"> Fuentes y bibliograf\u00eda:<\/span><\/p>\n<p style=\"text-align: justify;\"><span class=\"auto-style4\">-Memoria popular de la gentes de Coomonte y de Alija<\/span><\/p>\n<p style=\"text-align: justify;\"><span class=\"auto-style4\">&#8211;<\/span><span class=\"auto-style2\">Alija del Infantado<\/span><span style=\"font-size: 9pt;\"><span class=\"auto-style4\">, Ursino Villar Hidalgo, Ediciones de 1989 y 2001.<\/span><\/span><\/p>\n<p style=\"text-align: justify;\"><span class=\"auto-style4\">-Archivo hist\u00f3rico del Ayuntamiento de Coomonte<\/span><\/p>\n<p style=\"text-align: justify;\"><span class=\"auto-style4\">-Visitas a monumentos y zonas con restos arqueol\u00f3gicos<\/span><\/p>\n<p>&nbsp;<\/p>\n","protected":false},"excerpt":{"rendered":"<p>Recopilaci\u00f3n hecha en 2005 para un antiguo sitio web. Reescribiremos esta historia con m\u00e1s datos y detalles en pr\u00f3ximas fechas. HISTORIA DE COOMONTE Prehistoria Desde hace m\u00e1s de cinco mil a\u00f1os est\u00e1 registrada presencia humana en estas comarcas, ello lo demuestran los monumentos megal\u00edticos de Morales de Rey (7 Km. de Coomonte) o de Arrabalde&#8230;<\/p>\n","protected":false},"author":1,"featured_media":34,"parent":0,"menu_order":0,"comment_status":"open","ping_status":"open","template":"","meta":{"ngg_post_thumbnail":0,"footnotes":""},"class_list":["post-60","page","type-page","status-publish","has-post-thumbnail","hentry"],"aioseo_notices":[],"jetpack-related-posts":[],"jetpack_sharing_enabled":true,"_links":{"self":[{"href":"https:\/\/coomonte.net\/index.php\/wp-json\/wp\/v2\/pages\/60","targetHints":{"allow":["GET"]}}],"collection":[{"href":"https:\/\/coomonte.net\/index.php\/wp-json\/wp\/v2\/pages"}],"about":[{"href":"https:\/\/coomonte.net\/index.php\/wp-json\/wp\/v2\/types\/page"}],"author":[{"embeddable":true,"href":"https:\/\/coomonte.net\/index.php\/wp-json\/wp\/v2\/users\/1"}],"replies":[{"embeddable":true,"href":"https:\/\/coomonte.net\/index.php\/wp-json\/wp\/v2\/comments?post=60"}],"version-history":[{"count":0,"href":"https:\/\/coomonte.net\/index.php\/wp-json\/wp\/v2\/pages\/60\/revisions"}],"wp:featuredmedia":[{"embeddable":true,"href":"https:\/\/coomonte.net\/index.php\/wp-json\/wp\/v2\/media\/34"}],"wp:attachment":[{"href":"https:\/\/coomonte.net\/index.php\/wp-json\/wp\/v2\/media?parent=60"}],"curies":[{"name":"wp","href":"https:\/\/api.w.org\/{rel}","templated":true}]}}